{"id":51,"date":"2014-02-11T17:23:05","date_gmt":"2014-02-11T17:23:05","guid":{"rendered":"http:\/\/hotelchurrut.com\/?page_id=51"},"modified":"2026-03-19T14:17:52","modified_gmt":"2026-03-19T14:17:52","slug":"promociones-2","status":"publish","type":"page","link":"https:\/\/hotelchurrut.com\/?page_id=51","title":{"rendered":"Promociones"},"content":{"rendered":"\t\t<div data-elementor-type=\"wp-page\" data-elementor-id=\"51\" class=\"elementor elementor-51\">\n\t\t\t\t\t\t<section class=\"elementor-section elementor-top-section elementor-element elementor-element-f82f0de elementor-section-boxed elementor-section-height-default elementor-section-height-default\" data-id=\"f82f0de\" data-element_type=\"section\" data-e-type=\"section\">\n\t\t\t\t\t\t<div class=\"elementor-container elementor-column-gap-default\">\n\t\t\t\t\t<div class=\"elementor-column elementor-col-100 elementor-top-column elementor-element elementor-element-2abc2e5\" data-id=\"2abc2e5\" data-element_type=\"column\" data-e-type=\"column\">\n\t\t\t<div class=\"elementor-widget-wrap elementor-element-populated\">\n\t\t\t\t\t\t<div class=\"elementor-element elementor-element-e31db0f elementor-widget elementor-widget-html\" data-id=\"e31db0f\" data-element_type=\"widget\" data-e-type=\"widget\" data-widget_type=\"html.default\">\n\t\t\t\t<div class=\"elementor-widget-container\">\n\t\t\t\t\t<style>\n    #et_pt_blog {\n        display: none !important;\n    }\n    \n<\/style>\t\t\t\t<\/div>\n\t\t\t\t<\/div>\n\t\t\t\t<div class=\"elementor-element elementor-element-3a64fe9 elementor-widget elementor-widget-text-editor\" data-id=\"3a64fe9\" data-element_type=\"widget\" data-e-type=\"widget\" data-widget_type=\"text-editor.default\">\n\t\t\t\t<div class=\"elementor-widget-container\">\n\t\t\t\t\t\t\t\t\t\n<h2><img fetchpriority=\"high\" decoding=\"async\" src=\"https:\/\/hotelchurrut.com\/wp-content\/uploads\/2014\/02\/promo-gastronomica.png\" alt=\"promo-gastronomica\" width=\"480\" height=\"210\" \/><\/h2>\n\n<p><u><strong>ESCAPADA GASTRON\u00d3MICA EN HABITACI\u00d3N DOBLE EST\u00c1NDAR:<\/strong><\/u><\/p>\n<ol style=\"margin-bottom: 5px;\">\n    <li>1-2 noches en HD en t\u00e9rmino de alojamiento y desayuno<\/li>\n    <li>1 cena gastron\u00f3mica para 2 pax (bebidas inclu\u00eddas **)<\/li>\n<\/ol>\n<p style=\"margin-top: 0; margin-bottom: 25px;\"><em>** Vinos D. O. (tinto, rosado, blanco) y aguas.<\/em><\/p>\n\n<table style=\"width: 100%; max-width: 550px; border-collapse: collapse; margin-bottom: 40px; font-size: 16px;\">\n    <tr>\n        <th style=\"text-align: left; padding: 12px 15px 12px 0; border-bottom: 1px solid #dcdcdc; border-right: 1px solid #dcdcdc; width: 50%;\">VIERNES Y S\u00c1BADO<\/th>\n        <th style=\"text-align: left; padding: 12px 0 12px 15px; border-bottom: 1px solid #dcdcdc;\">DE DOMINGO A JUEVES<\/th>\n    <\/tr>\n    <tr>\n        <td style=\"padding: 12px 15px 12px 0; border-bottom: 1px solid #dcdcdc; border-right: 1px solid #dcdcdc;\">2 noches: <strong>300 \u20ac<\/strong><\/td>\n        <td style=\"padding: 12px 0 12px 15px; border-bottom: 1px solid #dcdcdc;\">2 noches: <strong>270 \u20ac<\/strong><\/td>\n    <\/tr>\n    <tr>\n        <td style=\"padding: 12px 15px 12px 0; border-right: 1px solid #dcdcdc;\">1 noche: <strong>200 \u20ac<\/strong><\/td>\n        <td style=\"padding: 12px 0 12px 15px;\">1 noche: <strong>170 \u20ac<\/strong><\/td>\n    <\/tr>\n<\/table>\n\n<p><u><strong>ESCAPADA GASTRON\u00d3MICA EN HABITACI\u00d3N DOBLE SUPERIOR:<\/strong><\/u><\/p>\n<ol start=\"3\" style=\"margin-bottom: 5px;\">\n    <li>1-2 noches en HDS en t\u00e9rmino de alojamiento y desayuno<\/li>\n    <li>Detalle de bienvenida en la habitaci\u00f3n<\/li>\n    <li>1 cena gastron\u00f3mica para 2 pax (bebidas inclu\u00eddas **)<\/li>\n<\/ol>\n<p style=\"margin-top: 0; margin-bottom: 25px;\"><em>** Vinos D.O. (tinto, rosado, blanco) y aguas.<\/em><\/p>\n\n<table style=\"width: 100%; max-width: 550px; border-collapse: collapse; margin-bottom: 40px; font-size: 16px;\">\n    <tr>\n        <th style=\"text-align: left; padding: 12px 15px 12px 0; border-bottom: 1px solid #dcdcdc; border-right: 1px solid #dcdcdc; width: 50%;\">VIERNES Y S\u00c1BADO<\/th>\n        <th style=\"text-align: left; padding: 12px 0 12px 15px; border-bottom: 1px solid #dcdcdc;\">DE DOMINGO A JUEVES<\/th>\n    <\/tr>\n    <tr>\n        <td style=\"padding: 12px 15px 12px 0; border-bottom: 1px solid #dcdcdc; border-right: 1px solid #dcdcdc;\">2 noches: <strong>350 \u20ac<\/strong><\/td>\n        <td style=\"padding: 12px 0 12px 15px; border-bottom: 1px solid #dcdcdc;\">2 noches: <strong>320 \u20ac<\/strong><\/td>\n    <\/tr>\n    <tr>\n        <td style=\"padding: 12px 15px 12px 0; border-right: 1px solid #dcdcdc;\">1 noche: <strong>205 \u20ac<\/strong><\/td>\n        <td style=\"padding: 12px 0 12px 15px;\">1 noche: <strong>195 \u20ac<\/strong><\/td>\n    <\/tr>\n<\/table>\n\n<p style=\"font-weight: 400; color: #255410; margin-bottom: 20px;\">Para m\u00e1s informaci\u00f3n, ll\u00e1menos al <strong style=\"color: #255410;\">+34 948 62 55 40<\/strong> o env\u00ede un correo a <a style=\"color: #255410;\" title=\"m\u00e1ndenos un email\" href=\"mailto:info@hotelchurrut.com\"><strong style=\"color: #255410; text-decoration: underline;\">info@hotelchurrut.com<\/strong><\/a><\/p>\n\n<a href=\"https:\/\/hotelchurrut.com\/contacto\/\"><img decoding=\"async\" src=\"https:\/\/hotelchurrut.com\/wp-content\/uploads\/2014\/02\/boton-consultar130px.png\" alt=\"boton-consultar\" width=\"130\" height=\"52\" \/><\/a>\n\t\t\t\t\t\t\t\t<\/div>\n\t\t\t\t<\/div>\n\t\t\t\t\t<\/div>\n\t\t<\/div>\n\t\t\t\t\t<\/div>\n\t\t<\/section>\n\t\t\t\t<\/div>\n\t\t","protected":false},"excerpt":{"rendered":"<p>ESCAPADA GASTRON\u00d3MICA EN HABITACI\u00d3N DOBLE EST\u00c1NDAR: 1-2 noches en HD en t\u00e9rmino de alojamiento y desayuno 1 cena gastron\u00f3mica para 2 pax (bebidas inclu\u00eddas **) ** Vinos D. O. (tinto, rosado, blanco) y aguas. VIERNES Y S\u00c1BADO DE DOMINGO A JUEVES 2 noches: 300 \u20ac 2 noches: 270 \u20ac 1 noche: 200 \u20ac 1 noche: [&hellip;]<\/p>\n","protected":false},"author":1,"featured_media":0,"parent":0,"menu_order":0,"comment_status":"closed","ping_status":"open","template":"page-blog.php","meta":{"footnotes":""},"class_list":["post-51","page","type-page","status-publish","hentry"],"aioseo_notices":[],"_links":{"self":[{"href":"https:\/\/hotelchurrut.com\/index.php?rest_route=\/wp\/v2\/pages\/51","targetHints":{"allow":["GET"]}}],"collection":[{"href":"https:\/\/hotelchurrut.com\/index.php?rest_route=\/wp\/v2\/pages"}],"about":[{"href":"https:\/\/hotelchurrut.com\/index.php?rest_route=\/wp\/v2\/types\/page"}],"author":[{"embeddable":true,"href":"https:\/\/hotelchurrut.com\/index.php?rest_route=\/wp\/v2\/users\/1"}],"replies":[{"embeddable":true,"href":"https:\/\/hotelchurrut.com\/index.php?rest_route=%2Fwp%2Fv2%2Fcomments&post=51"}],"version-history":[{"count":3,"href":"https:\/\/hotelchurrut.com\/index.php?rest_route=\/wp\/v2\/pages\/51\/revisions"}],"predecessor-version":[{"id":2375,"href":"https:\/\/hotelchurrut.com\/index.php?rest_route=\/wp\/v2\/pages\/51\/revisions\/2375"}],"wp:attachment":[{"href":"https:\/\/hotelchurrut.com\/index.php?rest_route=%2Fwp%2Fv2%2Fmedia&parent=51"}],"curies":[{"name":"wp","href":"https:\/\/api.w.org\/{rel}","templated":true}]}}